ue
Is 185899 composite?
True
Is 75523 composite?
True
Is 194761 prime?
False
Is 3251 a prime number?
True
Is 80471 composite?
False
Is 470777 a prime number?
False
Is 8566 composite?
True
Is 17159 composite?
False
Is 1753 composite?
False
Is 2333 a prime number?
True
Is 207781 a prime number?
False
Is 51217 a composite number?
False
Is 3163 a composite number?
False
Is 291217 a prime number?
True
Is 1029703 a prime number?
False
Is 651943 a prime number?
True
Is 313661 a prime number?
True
Is 435103 prime?
True
Is 19237 a prime number?
True
Is 36493 composite?
False
Is 1051887 a composite number?
True
Is 1673921 composite?
True
Is 50497 a prime number?
True
Is 50306 a composite number?
True
Is 242543 prime?
False
Is 583 a prime number?
False
Is 89293 a prime number?
True
Is 1419493 composite?
False
Is 7789 a prime number?
True
Is 9079 a prime number?
False
Is 140903 a prime number?
False
Is 182219 prime?
False
Is 1993 prime?
True
Is 58189 a prime number?
True
Is 85889 a prime number?
True
Is 90329 prime?
False
Is 15937 a prime number?
True
Is 2557877 composite?
True
Is 3155 a composite number?
True
Is 4997 a composite number?
True
Is 6247 composite?
False
Is 37001 a composite number?
True
Is 334743 a prime number?
False
Is 29695 a prime number?
False
Is 322827 a composite number?
True
Is 56143 a prime number?
False
Is 11751 a composite number?
True
Is 181715 composite?
True
Is 804863 composite?
True
Is 89227 a composite number?
False
Is 17769 prime?
False
Is 244727 prime?
False
Is 9113 a prime number?
False
Is 20127 a composite number?
True
Is 3521 prime?
False
Is 615331 composite?
True
Is 127615 a composite number?
True
Is 108343 composite?
False
Is 206657 composite?
True
Is 14699 composite?
False
Is 614311 prime?
False
Is 16447 a prime number?
True
Is 18457 a composite number?
False
Is 189613 a composite number?
False
Is 1281623 a composite number?
True
Is 850979 a composite number?
False
Is 18019 composite?
True
Is 83879 a prime number?
False
Is 2039 composite?
False
Is 388577 prime?
False
Is 737717 a prime number?
True
Is 9397 a prime number?
True
Is 97649 prime?
True
Is 15441 a prime number?
False
Is 2767 prime?
True
Is 239842 composite?
True
Is 1111 a prime number?
False
Is 12013 composite?
True
Is 160099 prime?
False
Is 414283 a prime number?
True
Is 430949 prime?
True
Is 581 prime?
False
Is 3351 prime?
False
Is 454297 prime?
True
Is 20017 a prime number?
False
Is 23711 prime?
False
Is 11197 a prime number?
True
Is 108685 prime?
False
Is 35023 composite?
False
Is 269513 a composite number?
False
Is 93851 a prime number?
True
Is 1931 a composite number?
False
Is 563219 a prime number?
True
Is 756373 composite?
False
Is 54751 prime?
True
Is 10063 prime?
False
Is 1949 prime?
True
Is 182159 prime?
True
Is 78559 composite?
True
Is 372971 prime?
True
Is 106187 composite?
False
Is 5323 composite?
False
Is 608489 prime?
False
Is 802407 composite?
True
Is 1320167 a prime number?
False
Is 9827 a composite number?
True
Is 75751 a prime number?
False
Is 4117 prime?
False
Is 7265 prime?
False
Is 3284455 a composite number?
True
Is 69767 a prime number?
True
Is 65479 a prime number?
True
Is 599891 a prime number?
True
Is 154117 a composite number?
True
Is 217121 prime?
True
Is 13217 composite?
False
Is 210449 a prime number?
False
Is 1769 a prime number?
False
Is 94687 a composite number?
False
Is 109073 composite?
False
Is 45007 composite?
False
Is 210833 prime?
False
Is 154747 a composite number?
False
Is 26309 a prime number?
True
Is 472103 a composite number?
False
Is 7559 composite?
False
Is 2503 composite?
False
Is 110423 composite?
True
Is 1918489 composite?
False
Is 33599 a prime number?
True
Is 35863 composite?
False
Is 68143 prime?
False
Is 2459 a composite number?
False
Is 907 prime?
True
Is 256819 composite?
True
Is 74539 composite?
True
Is 43151 composite?
False
Is 177677 composite?
False
Is 15055 prime?
False
Is 144113 a composite number?
True
Is 332561 composite?
False
Is 608737 prime?
True
Is 33191 composite?
False
Is 16999 composite?
True
Is 4699 a composite number?
True
Is 25609 a prime number?
True
Is 3109 composite?
False
Is 103087 prime?
True
Is 21661 prime?
True
Is 804031 a prime number?
True
Is 131489 composite?
False
Is 33851 a composite number?
False
Is 1341611 composite?
False
Is 53398 composite?
True
Is 144941 prime?
True
Is 3037 prime?
True
Is 60707 composite?
True
Is 1069 composite?
False
Is 1847 prime?
True
Is 77731 a prime number?
True
Is 479 prime?
True
Is 5597 a prime number?
False
Is 137395 a prime number?
False
Is 323327 prime?
False
Is 22597 composite?
True
Is 20666 composite?
True
Is 6349 prime?
False
Is 52333 composite?
True
Is 3143 a composite number?
True
Is 9133 prime?
True
Is 71731 a prime number?
False
Is 9199 a composite number?
False
Is 95051 a composite number?
True
Is 1318 a prime number?
False
Is 44519 a composite number?
False
Is 84011 composite?
False
Is 41189 a prime number?
True
Is 39523 a prime number?
False
Is 8339 composite?
True
Is 40241 a prime number?
True
Is 8147 composite?
False
Is 1087 composite?
False
Is 43509 composite?
True
Is 950269 a prime number?
True
Is 14143 a prime number?
True
Is 447401 prime?
True
Is 81805 prime?
False
Is 335843 composite?
False
Is 10637 a prime number?
False
Is 8977 a composite number?
True
Is 14633 composite?
False
Is 8461 composite?
False
Is 1151 a prime number?
True
Is 1543 composite?
False
Is 2921 composite?
True
Is 5317 prime?
False
Is 2785 composite?
True
Is 24907 composite?
False
Is 476279 a composite number?
False
Is 5945129 a composite number?
False
Is 2279 a prime number?
False
Is 103867 composite?
False
Is 758 composite?
True
Is 11993 a composite number?
True
Is 1774 a prime number?
False
Is 1074565 prime?
False
Is 278827 prime?
True
Is 667 composite?
True
Is 165003 composite?
True
Is 368359 composite?
False
Is 206779 composite?
False
Is 2861 prime?
True
Is 3017 prime?
False
Is 3385691 prime?
False
Is 980743 composite?
True
Is 99573 composite?
True
Is 494987 a composite number?
False
Is 47903 a composite number?
False
Is 8741 a composite number?
False
Is 532309 composite?
True
Is 7899755 prime?
False
Is 302399 prime?
True
Is 4645 a prime number?
False
Is 52261 composite?
True
Is 80561 composite?
True
Is 195905 a composite number?
True
Is 114439 a composite number?
True
Is 2843 prime?
True
Is 17123 composite?
False
Is 14119 a prime number?
False
Is 1043 a composite number?
True
Is 12977 a prime number?
False
Is 61861 a composite number?
False
Is 365249 a prime number?
True
Is 33433 prime?
False
Is 12451 composite?
False
Is 8999 a prime number?
True
Is 6434 prime?
False
Is 398303 prime?
True
Is 151597 composite?
False
Is 44771 composite?
False
Is 35521 a composite number?
False
Is 4201 prime?
True
Is 17257 composite?
False
Is 409 a prime number?
True
Is 13571 composite?
True
Is 1237661 a composite number?
False
Is 493243 prime?
True
Is 112345 a prime number?
False
Is 141233 composite?
False
Is 461599 composite?
False
Is 1062557 a prime number?
True
Is 4049 composite?
False
Is 48071 a prime number?
False
Is 3313183 a composite number?
False
Is 29059 a prime number?
True
Is 857335 a composite number?
True
Is 26191 composite?
True
Is 231305 composite?
True
Is 12227 composite?
False
Is 113641 prime?
False
Is 83831 prime?
False
Is 246151 a composite number?
False
Is 7393 prime?
True
Is 55921 prime?
True
Is 14809 composite?
True
Is 74845 a composite number?
True
Is 6017 prime?
False
Is 51967 composite?
True
Is 18661 prime?
True
Is 14309 a prime number?
False
Is 803 a prime number?
False
Is 29213 a composite number?
True
Is 1740763 composite?
False
Is 11369 a composite number?
False
Is 401342 a prime number?
False
Is 10055 a composite number?
True
Is 24061 a prime number?
True
Is 95869 prime?
True
Is 170669 a prime number?
True
Is 90327 composite?
True
Is 8791 a composite number?
True
Is 19121 composite?
False
Is 50066 prime?
False
Is 61779 composite?
True
Is 4427 composite?
True
Is 148663 a composite number?
False
Is 40771 a composite number?
False
Is 67927 composite?
False
Is 12269 a composite number?
False
Is 8531 a composite number?
True
Is 715979 prime?
False
Is 845827 a prime number?
False
Is 1069 a prime number?
True
Is 1274011 a composite number?
